alse
Is 88993 a composite number?
False
Is 50923 prime?
True
Is 481 composite?
True
Is 134153 composite?
False
Is 1777169 prime?
True
Is 24659 composite?
False
Is 3643 prime?
True
Is 28163 prime?
True
Is 10349 a composite number?
True
Is 11549 composite?
False
Is 17165 prime?
False
Is 587 composite?
False
Is 4399 composite?
True
Is 664967 a prime number?
True
Is 75913 composite?
False
Is 729601 prime?
True
Is 403127 a prime number?
False
Is 7901 composite?
False
Is 2705 composite?
True
Is 74809 composite?
True
Is 20419 a composite number?
True
Is 5171 a prime number?
True
Is 107641 a prime number?
True
Is 5077 a composite number?
False
Is 23531 a prime number?
True
Is 30166 composite?
True
Is 2479619 a prime number?
True
Is 51959 prime?
False
Is 132079 prime?
False
Is 15559 composite?
False
Is 61289 a composite number?
True
Is 892229 prime?
False
Is 10445 prime?
False
Is 2437 a composite number?
False
Is 21251 composite?
True
Is 128099 prime?
True
Is 359 composite?
False
Is 251051 composite?
False
Is 196429 prime?
True
Is 233513 prime?
False
Is 337373 prime?
False
Is 13033 prime?
True
Is 16619 composite?
False
Is 26149 prime?
False
Is 1779 prime?
False
Is 86429 prime?
False
Is 74671 composite?
True
Is 13621 a composite number?
True
Is 17153 prime?
False
Is 666599 prime?
True
Is 188843 a composite number?
False
Is 24251 a composite number?
False
Is 363611 a composite number?
False
Is 238453 a prime number?
False
Is 22318 prime?
False
Is 28883 composite?
True
Is 2063 prime?
True
Is 5315 composite?
True
Is 16123 prime?
False
Is 566 a composite number?
True
Is 9773 a composite number?
True
Is 80269 a composite number?
True
Is 20161 prime?
True
Is 1809193 composite?
False
Is 373649 prime?
True
Is 20849 a composite number?
False
Is 88771 a prime number?
True
Is 27957 a composite number?
True
Is 3622 a prime number?
False
Is 43867 composite?
False
Is 166457 a prime number?
True
Is 2283 composite?
True
Is 2819 a composite number?
False
Is 19945 a prime number?
False
Is 20861 a prime number?
False
Is 12409 composite?
False
Is 576014 composite?
True
Is 393257 a composite number?
False
Is 1454 prime?
False
Is 22639 composite?
False
Is 3991 a composite number?
True
Is 380117 composite?
False
Is 782095 a composite number?
True
Is 1861 a prime number?
True
Is 3761 a composite number?
False
Is 3251 prime?
True
Is 297053 a prime number?
False
Is 449857 a prime number?
False
Is 3035 prime?
False
Is 31051 a prime number?
True
Is 237638 a composite number?
True
Is 43027 prime?
False
Is 3256586 prime?
False
Is 10741 prime?
False
Is 2051947 composite?
False
Is 6503 a prime number?
False
Is 2669 prime?
False
Is 58727 a prime number?
True
Is 375763 composite?
True
Is 2719 a prime number?
True
Is 1777 a prime number?
True
Is 5414 a composite number?
True
Is 54361 prime?
True
Is 12407 composite?
True
Is 2861 composite?
False
Is 6319 composite?
True
Is 88197 composite?
True
Is 21955 composite?
True
Is 22622 composite?
True
Is 81131 a composite number?
False
Is 1194493 composite?
False
Is 296579 a composite number?
False
Is 1203421 a prime number?
True
Is 1259 composite?
False
Is 59051 a prime number?
True
Is 194809 composite?
False
Is 165489 composite?
True
Is 229363 composite?
True
Is 5347 prime?
True
Is 8893 prime?
True
Is 16673 a prime number?
True
Is 22623 a composite number?
True
Is 44617 a composite number?
False
Is 6449 a prime number?
True
Is 4153 composite?
False
Is 127481 a prime number?
True
Is 43391 prime?
True
Is 5749 prime?
True
Is 213587 a prime number?
False
Is 641 a prime number?
True
Is 187379 composite?
False
Is 131743 composite?
False
Is 109561 composite?
True
Is 2533 composite?
True
Is 5059867 a composite number?
False
Is 638351 composite?
True
Is 36029 a composite number?
True
Is 2071561 composite?
False
Is 15749 prime?
True
Is 750787 a composite number?
False
Is 299 composite?
True
Is 82581 prime?
False
Is 235439 a prime number?
True
Is 28117 prime?
False
Is 3109 composite?
False
Is 15338 a prime number?
False
Is 4985 prime?
False
Is 691 prime?
True
Is 30241 composite?
False
Is 4637 prime?
True
Is 13381 a composite number?
False
Is 13469 a prime number?
True
Is 12863 prime?
False
Is 23663 a prime number?
True
Is 5999 composite?
True
Is 466255 prime?
False
Is 37763 a prime number?
False
Is 445 prime?
False
Is 32173 a prime number?
True
Is 13991 prime?
False
Is 15839 a composite number?
True
Is 28781 prime?
False
Is 47639 a composite number?
False
Is 762599 prime?
True
Is 44351 a composite number?
False
Is 77813 a composite number?
False
Is 9827 composite?
True
Is 42087 composite?
True
Is 53986 prime?
False
Is 797 a prime number?
True
Is 33191 a prime number?
True
Is 94033 composite?
False
Is 59021 composite?
False
Is 9127 composite?
False
Is 1114099 a prime number?
False
Is 481741 a prime number?
False
Is 51853 prime?
True
Is 197947 prime?
True
Is 537 prime?
False
Is 2692841 prime?
False
Is 67 a prime number?
True
Is 3168959 a prime number?
True
Is 950281 a prime number?
True
Is 667671 prime?
False
Is 29327 a prime number?
True
Is 187843 a prime number?
True
Is 6751861 composite?
False
Is 21881 composite?
False
Is 419 a prime number?
True
Is 504611 prime?
False
Is 122855 prime?
False
Is 86531 composite?
False
Is 243305 a prime number?
False
Is 319049 a composite number?
False
Is 689 a prime number?
False
Is 213791 prime?
True
Is 485363 a prime number?
True
Is 204133 prime?
True
Is 27859 a composite number?
True
Is 15321 a prime number?
False
Is 4609 a prime number?
False
Is 37255 composite?
True
Is 113933 prime?
True
Is 4089413 prime?
True
Is 6521 a composite number?
False
Is 216211 a prime number?
True
Is 76091 prime?
True
Is 79721 a prime number?
False
Is 3665 a prime number?
False
Is 24611 composite?
False
Is 130969 a prime number?
True
Is 12659 composite?
False
Is 2249 composite?
True
Is 102761 a prime number?
True
Is 444167 composite?
False
Is 30993 composite?
True
Is 1637813 composite?
False
Is 1005141 a composite number?
True
Is 219149 a prime number?
False
Is 2111 a prime number?
True
Is 378317 prime?
True
Is 407845 composite?
True
Is 208951 a prime number?
False
Is 1010201 a prime number?
True
Is 42519 prime?
False
Is 166447 a composite number?
True
Is 5779 a composite number?
False
Is 17807 prime?
True
Is 79 composite?
False
Is 144511 prime?
True
Is 1390093 composite?
True
Is 6901 a prime number?
False
Is 60767 a composite number?
True
Is 86407 prime?
False
Is 12787 prime?
False
Is 62113 prime?
False
Is 416201 prime?
True
Is 10883 a prime number?
True
Is 1475245 prime?
False
Is 6767 composite?
True
Is 26321 a composite number?
False
Is 135791 composite?
True
Is 6121 composite?
False
Is 6739 a composite number?
True
Is 20467 a prime number?
False
Is 78691 a prime number?
True
Is 296909 composite?
False
Is 438913 a composite number?
False
Is 2526959 prime?
True
Is 423629 a composite number?
True
Is 22853 prime?
True
Is 886 composite?
True
Is 12667 composite?
True
Is 3541 prime?
True
Is 2823541 a composite number?
True
Is 16519 composite?
False
Is 1439 a composite number?
False
Is 681243 a prime number?
False
Is 1040651 prime?
True
Is 634031 a composite number?
False
Is 572666 a composite number?
True
Is 2725417 a prime number?
False
Is 132409 a composite number?
False
Is 18519 a prime number?
False
Is 333577 a prime number?
False
Is 845555 composite?
True
Is 46705 composite?
True
Is 8013 prime?
False
Is 655439 a prime number?
True
Is 14347 a composite number?
False
Is 159997 a composite number?
True
Is 265123 composite?
False
Is 4531 composite?
True
Is 289049 prime?
True
Is 19882 composite?
True
Is 32353 prime?
True
Is 92765 composite?
True
Is 1303 prime?
True
Is 78473 prime?
False
Is 1883677 composite?
True
Is 17495 a prime number?
False
Is 5261 a composite number?
False
Is 985091 prime?
False
Is 981538 a prime number?
False
Is 2581 a prime number?
False
Is 491483 a prime number?
True
Is 3809 a composite number?
True
Is 5186 a composite number?
True
Is 59523 a composite number?
True
Is 272633 prime?
False
Is 114461 a composite number?
True
Is 203117 prime?
True
Is 59269 a prime number?
False
Is 201631 composite?
True
Is 129169 composite?
False
Is 238141 a prime number?
True
Is 39602 prime?
False
Is 1535 a composite number?
True
Is 38